pose -4*h - 376 = -6*h. What is the tens digit of h?
8
Suppose -2*x + 5*x + 4*i = 240, -79 = -x - i. What is the units digit of x?
6
Suppose 4*u = 23 + 13. Suppose 5*i - 64 + u = 0. What is the units digit of i?
1
Let l = -168 - -288. What is the tens digit of l?
2
Suppose 3*g - 3 = 3. Suppose -4 = -4*i - 5*v, -3*i = g*v - 6*v - 34. What is the units digit of i?
6
What is the tens digit of (-2869)/(-57) + (-2)/(-3)?
5
Let p(q) = -q**2 - 30*q + 57. What is the tens digit of p(-17)?
7
Suppose -9*t + 234 = 4*t. What is the units digit of t?
8
Suppose -z + 11 = -32. What is the units digit of z?
3
Suppose 9*o - 4*o - 947 = 3*h, -2*o - 3*h + 362 = 0. What is the hundreds digit of o?
1
Let a = 40 + 13. What is the units digit of a?
3
Let y be (-9)/6*-2 + 11. Suppose -3*x = -4*x + 7. Let q = y - x. What is the units digit of q?
7
Let m(c) = 2*c**2 + 3*c - 2. Let z be m(2). Suppose -z = -4*r + 8. What is the units digit of r?
5
Suppose -4*c + 155 = c. What is the tens digit of c?
3
Suppose d + 7 = 4*d + 5*a, 0 = -4*d - 2*a. Let n = 3 + d. Let c = 4 - n. What is the units digit of c?
2
Let c = 72 + -26. What is the tens digit of c?
4
Let a be 6*3/(-12)*2. Let p = -2 - a. What is the units digit of p?
1
Suppose -4*v - 3*c + 41 = 0, v + 0 = -2*c + 4. Let t be (-6)/(-9) - (-20)/(-3). Let d = v + t. What is the units digit of d?
8
Suppose -2*w - 2*w + 57 = -3*v, -5*w = -3*v - 69. What is the tens digit of w?
1
Suppose -2*a + 81 = -127. What is the units digit of a?
4
Let w = -6 - -9. Suppose -w*l + 22 = 2*k + l, 62 = 5*k + 3*l. Suppose 17 + k = 3*a. What is the tens digit of a?
1
Let r = -13 - -19. Suppose r*j - 2*j - 3*t - 53 = 0, 0 = 3*j + 2*t - 44. What is the units digit of j?
4
Let j(g) be the first derivative of g**2/2 + 15*g - 3. Suppose 0 = -2*c - c. What is the units digit of j(c)?
5
Suppose -3*g + 21 = 3*h, 6*g + 4*h - 18 = 3*g. Suppose 0 = -2*z + 4*z - g. Suppose 0*s - 35 = -z*s. What is the units digit of s?
7
Let u(l) = -1 - 4*l**3 + 3*l**2 - 2*l**2 + 3*l**3 + 2. What is the units digit of u(0)?
1
Suppose 2*a + 2*h = 4, 0 = 4*a + h - 8 - 6. Suppose 3*z = 3, -a*z = -x - 0 + 2. What is the units digit of x?
6
Let p(f) = f**3 - 7*f**2 + 7*f - 4. Let i be p(6). Let w(y) = 3*y - 1. Let n be w(2). Suppose -n*q - 2 = 2*x, 4*q + 0 - 2 = -i*x. What is the units digit of x?
9
Suppose 3*r + 3*t = 37 + 26, -5*r = 4*t - 106. What is the units digit of r?
2
What is the units digit of (-74)/(1/2*0 - 1)?
4
Let s(v) = -6*v**2 + 3*v + 2. Let j(g) = -g**2. Let w(m) = 5*j(m) - s(m). What is the units digit of w(4)?
2
What is the units digit of (-3)/(-3 + 6) - -27?
6
Let m(o) = 5*o + 62. Let n(d) = 2*d + 21. Let q(k) = 3*m(k) - 8*n(k). What is the tens digit of q(0)?
1
Let o(y) = 13*y. What is the tens digit of o(1)?
1
Let s be (2 + -4)/(2/7). What is the tens digit of 14/(-49) - 79/s?
1
Let g(b) = -3*b + 8. Let v be g(8). Let p = -12 - v. What is the units digit of p?
4
Suppose 85 = 2*o - 27. What is the units digit of o?
6
Suppose -5 = p - 12. Suppose -3*z - p = -4*z. What is the units digit of z?
7
Let f be (4 + -3)/((-2)/(-12)). Suppose 0 = -7*m + f*m. Suppose -3*g + p + 54 = 0, -3*g + m*p + 2*p + 54 = 0. What is the tens digit of g?
1
Suppose 6*i = -2*z + 2*i - 28, 5*z - 5*i + 55 = 0. What is the units digit of (z/(-18))/(4/30)?
5
Suppose 0*d + 5*d + 10 = 0, 4*y = -4*d + 88. Suppose -x - 4 - 11 = 0. Let o = y + x. What is the units digit of o?
9
Suppose 5*k + 17 = -5*m + 42, k - 3*m = 5. Suppose 6 = 2*b + 2. Suppose -h - t = -4, 2 = -h - k*t + b*t. What is the units digit of h?
7
Let d = 2 - 0. Suppose -1 = -3*s + 5*k, d*k + 2 + 4 = 4*s. Suppose 3*c = 5*c - s. What is the units digit of c?
1
Suppose -5*r - 115 = -5*k, r - k + 11 = 3*k. What is the units digit of (-76)/(-18) - (-6)/r?
4
Let u = 4 + -6. Let i(f) = 1 + 3*f - f**2 + 5*f**2 - f**3 + 2*f**3. What is the units digit of i(u)?
3
Let z = 5 + -2. Suppose -2*g - 3*s = -30, -g - 2*s = -3*s - 10. Let u = g - z. What is the units digit of u?
9
Suppose d - 4 = -3, 0 = 4*f + 4*d - 20. Suppose -t - f*t = -40. What is the units digit of t?
8
Suppose 3*w = 7*w + 2*s - 332, 0 = -s - 2. What is the units digit of w?
4
Let z(j) = 4*j**2 + j + 1. What is the units digit of z(-2)?
5
Let c(u) = 5*u + 1. Let h be c(-1). Let x = 6 + h. What is the units digit of x?
2
Let h(m) be the third derivative of m**5/12 - 2*m**2. Let f be h(-1). Let w(z) = -z + 8. What is the units digit of w(f)?
3
Suppose 41 - 11 = 2*w - 5*l, 5*w + 3*l = 75. What is the units digit of w?
5
Suppose 5*b - 38 = u, 5*u + 164 = b - 2. Let o = -1 - u. What is the units digit of o?
2
Suppose r = -3*h + 7, 3*r - 2 = -4*h - 2*r. Let n(a) = a**3 + a**2 - 3*a - 4. What is the units digit of n(h)?
3
Let x(s) be the third derivative of -s**5/60 + 7*s**4/24 + s**3/3 + 2*s**2. What is the units digit of x(6)?
8
Suppose 35 = -3*v - 2*v. Let b(o) = o + 1. Let s be b(-6). Let l = s - v. What is the units digit of l?
2
Suppose 3*x + 4*l = 4, 0*l + l = 2*x - 10. Let c = x + -1. Let y(g) = 2*g + 1. What is the units digit of y(c)?
7
Suppose 4*j - 3*t = 30, 0*t + 15 = j + 3*t. Let h = 18 - j. What is the units digit of h?
9
Suppose 0 = 5*q - 7*q + 94. What is the tens digit of q?
4
Let p(c) be the second derivative of -c**5/30 + c**4/24 - c**3/3 - c. Let g(l) be the second derivative of p(l). What is the units digit of g(-2)?
9
Suppose 5*w - 925 = -5*r, 4*r - 5*w - 7 = 778. What is the hundreds digit of r?
1
Suppose 4*p = 6*p - 52. What is the units digit of p?
6
Suppose 2*l + 36 = -4*l. Let y(o) = o**2 + 4*o + 6. What is the units digit of y(l)?
8
Suppose -5*a + 5*s + 770 = 0, 2*a + 461 = 5*a - 4*s. What is the hundreds digit of a?
1
Let w(c) = c**3 + 7*c**2 + 3*c - 7. Let l be w(-6). Let j be 2/(-4)*(3 - 11). Suppose l = j*u - 13. What is the units digit of u?
6
Let i = -76 + 136. Suppose s = -2*s + i. What is the units digit of s?
0
Suppose 0 = -u - 3*u - 32. Let s(f) be the third derivative of f**6/120 + 2*f**5/15 - f**4/12 - 2*f**3 + 11*f**2. What is the units digit of s(u)?
4
Let w(f) = -30*f**2 - 8*f + 14. Let r(n) = -20*n**2 - 5*n + 9. Let o(a) = -8*r(a) + 5*w(a). What is the tens digit of o(2)?
3
Suppose -a + 3*b + 18 = 2*a, 2*b + 18 = 3*a. Let y be a/21 - 26/(-7). Let g = y + 0. What is the units digit of g?
4
Let j(n) = n**3 - 8*n**2 + 10*n + 2. What is the units digit of j(7)?
3
Let u(t) = -t**2 + 10*t - 11. Let j be (10/(-15))/(1/(-12)). What is the units digit of u(j)?
5
Let o(u) = 3*u**2 - 3*u + 3. Let z(i) = -6 + 5 + i + 9. Let y be z(-6). What is the units digit of o(y)?
9
Let s(a) = -2*a - 2. Let l = 4 - 12. Let h be s(l). What is the units digit of h + (3 + -3)/1?
4
Suppose 8*r - 4*r = 316. What is the tens digit of r?
7
Suppose -3*y + m + 114 = 0, -33 = -y - 2*m + 4*m. What is the tens digit of y?
3
Let s be ((-3)/12)/(2/(-8)). Let g be (-3)/(-6) - s/2. Let a = 2 + g. What is the units digit of a?
2
Suppose -5*p + 2*c + 40 = -2*c, 10 = -2*c. Suppose n - 2 = -3*h, -p*h + 8 = 2*n - 2*h. Suppose -n + 38 = 3*k. What is the units digit of k?
1
Let x = 98 - 18. What is the units digit of x/25*(-15)/(-2)?
4
Let u(x) = -73*x + 13. Let z(m) = 18*m - 3. Let l(b) = -2*u(b) - 9*z(b). What is the units digit of l(-2)?
3
Suppose 4*t - 104 = -5*h, 4*t - 2*h = 91 + 13. What is the units digit of t?
6
Suppose 2*t - 3*k - 16 = 0, 17 + 7 = 2*t - 5*k. Suppose t*h = n + 16, 3*h - 2*n = 32 - 8. What is the units digit of h?
8
Suppose -2*y - q + 31 + 12 = 0, 4*y = -5*q + 77. What is the units digit of y + ((-12)/4)/1?
0
Let i(g) = -27*g**2. Let t be i(1). What is the units digit of (-9 - 1)*t/45?
6
Let d be 5/5 - (2 + -11). Let z = 15 - 11. Suppose d = z*j + j. What is the units digit of j?
2
Suppose 3*a + 161 = 2*g, -a = 4*g + g - 411. Let b = -39 + g. What is the tens digit of b?
4
Let i = 25 + 11. Let t = -20 + i. What is the units digit of t?
6
Let v(i) = -2*i - 4. What is the units digit of v(-5)?
6
Let c be (3 + -8 - -2)*1. What is the units digit of (-4)/(16/c)*4?
3
Let p = -12 + 20. Let k = -2 + p. What is the units digit of k?
6
Suppose s = 2*l - 76, -4*l + s = -34 - 122. What is the units digit of l?
0
Suppose 0 = 5*v - 0*v. What is the tens digit of 5/(-2)*(-14 + v)?
3
Let l(w) = -2*w + 143. What is the tens digit of l(0)?
4
Let g = -103 + 249. What is t